-6). What is the tens digit of v(n)?
9
Let z(m) = 1881*m + 12. Let w be z(14). Suppose 0 = -39*k + w + 759. What is the hundreds digit of k?
6
Suppose -3*r = -r - 322. Suppose -20 = 242*g - 247*g. Suppose -3*x + m + r = 0, 0*m + m = -g*x + 217. What is the tens digit of x?
5
Suppose -v + 17413 = 53*m - 52*m, -7*m - 34799 = -2*v. What is the ten thousands digit of v?
1
Let d(z) = -39*z - 12. Let o be d(12). Let t = 331 + o. Let x = t + 251. What is the tens digit of x?
0
Let g = -21057 + 33204. What is the units digit of g?
7
Suppose 48*u - 18*u = 213210. What is the units digit of u?
7
What is the units digit of ((-10)/4)/((-3413577)/(-243828) + -14)?
8
Let x be 2/3 + (-50)/75 + 142. Suppose x*o = 144*o - 552. What is the tens digit of o?
7
Let f be (3 - -2)*2/5. Suppose 0*j + 3*j - 153 = -t, f*j = 6. What is the tens digit of t?
4
Let t = -6632 - -51701. What is the tens digit of t?
6
Suppose -2*n + 5*h + 140 = 0, -2*n = 2*h - 160 + 6. Let y(f) = 151 - n - f - 78. What is the units digit of y(-16)?
4
Let m be ((-24)/20)/(-2)*10. Suppose -11 = -m*a + 877. What is the tens digit of a?
4
Suppose -w = -1 - 81. What is the units digit of -1 + -2 + (w - -11)?
0
Suppose -5*d + 499 - 3299 = 0. What is the units digit of ((-1176)/(-20))/((-32)/d)?
9
What is the thousands digit of (-3846)/(-2)*((-3381)/(-63) - 34)?
7
What is the thousands digit of 9 - 58/6 - ((-3057040)/15)/7?
9
Suppose 0 = -s + 5, 2*s = -4*q + 47 - 13. Suppose a - 292 = 3*w, -4*a = -2*a + 2*w - 608. Suppose a + 143 = q*y. What is the units digit of y?
4
Let v = 6524 - 352. What is the hundreds digit of v?
1
Let o(w) = -213*w + 525. What is the thousands digit of o(-60)?
3
Suppose -5203 = 8*r + 1405. Let f = 479 - r. What is the units digit of f?
5
What is the hundreds digit of (9 + -11)*(-3300 + (-4 - -2))?
6
Let x(z) = 8*z - 21*z + 14*z + 8. Let u be x(-13). What is the units digit of ((-4)/u)/((-4)/1850*-5)?
4
Suppose 0 = 24*r - 20*r - 3*o - 138027, r - o = 34506. What is the tens digit of r?
0
Let z = 1627 - 1632. Let s be (8/(-6))/((-1)/21). What is the units digit of ((-60)/8 - z)*s/(-5)?
4
Suppose -5*a + 241 = -59. Let i = a - 197. Let j = i - -144. What is the units digit of j?
7
Suppose 0 = -16*n + 32 - 0. Let u(r) = 239*r**2 + 31*r - 67. What is the units digit of u(n)?
1
Suppose 4*a - 12 = -2*t, -4*a + 10 = -a + t. Suppose -g - 5*w = -w - 173, -a*w = 2*g - 334. What is the tens digit of g?
6
Let p be (-1 - 1 - 90)*129/(-12). Suppose p = 10*n - 2751. What is the tens digit of n?
7
Let j(c) = c**2 + 10*c + 4. Let o(t) = -4*t - 17. Let y be o(0). What is the tens digit of j(y)?
2
Suppose 12*b - 2*w + 16999 = 13*b, -4*b + 5*w = -67918. What is the ten thousands digit of b?
1
Let p(v) = v - 13. Let h be p(14). Let c be (-3 + h)*1/6*0. Suppose c = 6*g + 30 - 240. What is the tens digit of g?
3
Let s(q) = q**2 - 12*q - 12. Let v be s(13). Let t be ((1 - 0)*v)/(-3)*-6. Suppose t*h - 411 = -h. What is the hundreds digit of h?
1
Suppose q + 283 - 1324 = 4416. What is the hundreds digit of q?
4
Let o be 15/45*-3 - (-36)/1. Suppose -o*i = -55565 - 14225. What is the units digit of i?
4
Let a = 24 - -5. Let n(h) = 19*h + 179. Let f(j) = -29*j - 269. Let z(k) = 5*f(k) + 8*n(k). What is the units digit of z(a)?
0
Suppose -180*l + 2506126 = -19*l. What is the thousands digit of l?
5
Suppose 47*t + 5*d = 51*t - 10402, -3*d - 12996 = -5*t. What is the units digit of t?
8
Let x = 1867 - -1961. What is the thousands digit of x?
3
Let k(z) = -z**3 + 6*z**2 + 10*z - 17. Let j be k(7). Suppose -4*g + j*s = 44, 0*g - 2*s - 14 = 2*g. What is the units digit of g/(-15) - 1032/(-30)?
5
Suppose 14 = 2*c + g - 17, 5*c = -g + 85. Suppose 2*u - t - 3 = 0, -4*u = 6*t - 3*t + 9. Suppose u = 5*z - 208 + c. What is the tens digit of z?
3
Suppose 3*k - 126 = 336. Suppose 0 = -3*f + 18*m - 17*m + 1038, -3*f + 5*m = -1014. Let i = f - k. What is the hundreds digit of i?
1
Suppose 2216996 + 2639764 = 399*m - 327*m. What is the tens digit of m?
5
Let a(i) = -2*i + 10. Let o be a(5). Suppose -4*n + m + 254 = o, 2*m = -5*n + n + 260. Suppose 2*d + 0*d - n = -2*t, 5 = d. What is the units digit of t?
7
Let f = -8438 + 8437. Let s(j) = -170*j - 17. Let a(d) = -57*d - 6. Let x(i) = -11*a(i) + 4*s(i). What is the units digit of x(f)?
1
Suppose 345 + 1287 = 6*w. Let y = w - 245. What is the tens digit of y?
2
Suppose -678 = -37*a + 4243. What is the units digit of a?
3
Let f(u) = -1366*u + 1990. What is the units digit of f(-7)?
2
Suppose -8*v - 279 = -23. Let c be v/(-6) - 5/(6 - -9). Suppose b + c*u - 79 = 0, 302 + 30 = 4*b + 4*u. What is the units digit of b?
4
Let k be (-9)/(-6)*30/9. Let v be (4/((-12)/k) - -1)*3. What is the units digit of (-1 + 219/5)/(v/(-10))?
4
Let x(a) = 147*a**3 - 24*a**2 + a - 88. What is the hundreds digit of x(7)?
1
Let j be 2025/(-135)*((-652)/10 + -1). Suppose 32*k - j = 9087. What is the hundreds digit of k?
3
Suppose 2*k - 5*o = -1 + 3, -34 = -5*k - 2*o. Let c(u) = -k*u + 2*u + 0*u - 1. What is the tens digit of c(-5)?
1
Let m(y) = 73*y**2 + 15*y + 8. Let g be m(5). Suppose 7*s = 3*i + 6*s - 1431, 4*i - g = -s. What is the units digit of i?
7
Suppose -4*z + 9 = -f, 2*f = -5*z + 2 + 19. Suppose f*o - 5*o = k - 315, -630 = -2*k + o. What is the hundreds digit of k?
3
Let k = -329 - -559. Let m = k + -84. What is the units digit of m?
6
Suppose 2*a = 5*a - 1971. Suppose 2*x + x = -a. Let m = x + 317. What is the tens digit of m?
9
Suppose 0 = -0*b - 3*b - 9, -4 = 2*q - 4*b. Let z(l) = -4*l - 4 - 8*l - 6. What is the units digit of z(q)?
6
Let h = -263 + 266. Suppose -m + 4*a + 548 = 2*a, -3*m + 1599 = h*a. What is the hundreds digit of m?
5
Suppose 4*w - 16 = 2*w. Let i be w/((-2)/(-6) - (-25)/15). Suppose -525 = -i*q - 113. What is the units digit of q?
3
Let c = 4 - 351. Let i = c - -672. What is the tens digit of i?
2
Let g = -28 + 29. Let b(k) = -6*k**2 - 4*k + 3. Let n be b(g). What is the units digit of 872/7 - (-2 - 11/n)?
5
Let q = 962 - 327. Suppose 2*c - 5*v = 231, -4*c + v + q = c. What is the tens digit of c?
2
Let v(w) = 25*w + 54. Suppose 39*u + 31*u = 1470. What is the tens digit of v(u)?
7
Let v(a) be the third derivative of a**6/60 - a**5/60 + 7*a**4/12 - 7*a**3/6 + 57*a**2. What is the tens digit of v(6)?
7
Let h be 94 + (37 + -41)/(1 + 1). Let j = 2 - 0. Suppose 5*y = a - h, -6 = -a + j*y + 77. What is the units digit of a?
7
Suppose -178901 = -5*f - 77*m + 74*m, -4*f + 4*m = -143076. What is the tens digit of f?
7
What is the tens digit of (6555 - -2*1) + -74 + 69?
5
Let j be 412/(-20)*-37 - 3/15. Let y = j - 268. What is the units digit of y?
4
Suppose 2*s + 20 = 12*s. Suppose -k - 972 = -5*o, -s*o + 4*k = 2*k - 384. What is the tens digit of o?
9
Let c = 1166 + -831. Suppose -5*h + 5*g - 1120 = 545, c = -h - g. Let n = -192 - h. What is the hundreds digit of n?
1
Suppose -2*g - 4*l = -11438, 3001*g - 4*l - 17097 = 2998*g. What is the units digit of g?
7
Suppose 3*i - 12008 = 5*m, 0*m - 5*m = 20. What is the units digit of i?
6
Let q(i) = 18*i - 195. What is the units digit of q(53)?
9
Let n be -1*((-320)/15)/((-1)/(-3)). Let m = n - 64. Suppose m = -2*u + 139 + 15. What is the units digit of u?
7
Let q(f) = -f**3 - 12*f**2 - 4*f - 13. Let x = 56 - 69. What is the units digit of q(x)?
8
Let s = 18052 + -7709. What is the tens digit of s?
4
Let b = 19652 + 2421. What is the units digit of b?
3
Let d be 3/5*(0 + (2 - -3)). Suppose -w + d = -1. Suppose w*l + 0*l + 456 = 5*r, -4*r = 3*l - 340. What is the tens digit of r?
8
Let g = -323 + 325. What is the tens digit of (-2 - (7 + -4)) + (211 - g)?
0
Suppose 0 = 3*f - 3*j - 43491, 4*f + 398*j - 57990 = 403*j. What is the thousands digit of f?
4
Let f(z) = 11*z - 37. Suppose 471 = 8*t - 305. Suppose t - 32 = 5*h. What is the units digit of f(h)?
6
Suppose 0 = 4*j + 5*g - 3, 0 = 2*j + 5*g - 2 + 13. Suppose v = j*v - 12. Suppose v*i - 108 = 52. What is the tens digit of i?
8
Suppose 103*o - 110*o = -28. Suppose -9*f + 7670 = o*f. What is the hundreds digit of f?
5
Let w = 250 + -363. Suppose 4*r - 2*p - 28 = 0, 3 = 3*r + p + 2*p. Let z = r - w. What is the hundreds digit of z?
1
Suppose -74*i - 3*i + 92015 = 0. What is the thousands digit of i?
1
Let l(q) = q**2 - 5*q + 2. Let t be l(5). Suppose -t*i = -i - 13. Suppose i